onvert 12662 (base 7) to base 3.
11200212
What is -5204 (base 7) in base 2?
-11100011001
Convert 332 (base 13) to base 7.
1412
Convert -2299 (base 12) to base 2.
-111100010101
Convert -a88a (base 13) to base 11.
-16676
What is 28a (base 15) in base 9?
714
Convert -1ea (base 15) to base 7.
-1204
-7c5 (base 15) to base 13
-a55
832 (base 10) to base 2
1101000000
Convert 77044 (base 8) to base 4.
13320210
What is 11073 (base 10) in base 6?
123133
201023 (base 4) to base 7
6122
-1276 (base 13) to base 5
-41012
What is -10023 (base 6) in base 2?
-10100011111
Convert 16516 (base 7) to base 9.
6421
What is -2023 (base 15) in base 13?
-311a
What is 132003 (base 5) in base 16?
1485
What is 4baa (base 13) in base 9?
15715
-45513 (base 8) to base 7
-110124
-13641 (base 11) to base 9
-28551
5605 (base 9) to base 3
12200012
-47367 (base 8) to base 6
-233331
Convert 285 (base 9) to base 2.
11101111
Convert -3a88 (base 11) to base 6.
-40311
Convert 930 (base 12) to base 5.
20312
174 (base 9) to base 7
301
What is 13031 (base 5) in base 6?
4412
What is -15b4 (base 13) in base 15?
-e29
What is 11000001011101 (base 2) in base 13?
5835
7514 (base 10) to base 2
1110101011010
8da (base 16) to base 10
2266
471 (base 14) to base 6
4031
15547 (base 10) to base 9
23284
Convert -3303033 (base 4) to base 5.
-444232
-11152 (base 6) to base 14
-80c
Convert 2c4 (base 13) to base 12.
356
What is -1300 (base 14) in base 9?
-4512
Convert -121340 (base 8) to base 4.
-22023200
What is 5744 (base 11) in base 5?
220200
What is -10209 (base 13) in base 9?
-43580
Convert 15123 (base 9) to base 15.
30c3
What is 3261 (base 7) in base 4?
102102
1201001 (base 3) to base 10
1243
What is 10123 (base 7) in base 14?
c83
What is 1011110100 (base 2) in base 11?
628
Convert 14532 (base 7) to base 16.
fc9
Convert -14222 (base 9) to base 12.
-570b
13001 (base 4) to base 14
241
Convert -21505 (base 7) to base 3.
-21101211
222221 (base 4) to base 2
101010101001
-20210 (base 3) to base 16
-b7
-3344 (base 5) to base 14
-25c
566 (base 7) to base 4
10211
1100111 (base 2) to base 7
205
What is 1235 (base 7) in base 13?
29c
What is -1523 (base 10) in base 11?
-1165
What is -2135 (base 6) in base 10?
-491
Convert 401202 (base 5) to base 8.
30605
Convert 2706 (base 9) to base 5.
31111
Convert 4396 (base 13) to base 3.
110220211
What is -9748 (base 12) in base 14?
-60ac
-659 (base 11) to base 7
-2206
-f1d (base 16) to base 12
-22a5
What is 157 (base 16) in base 3?
110201
-59d (base 16) to base 9
-1866
What is 1d1d (base 14) in base 13?
2562
What is -34510 (base 7) in base 10?
-8827
What is -30b5 (base 12) in base 9?
-7262
34432 (base 5) to base 16
9bc
What is -eee (base 15) in base 5?
-101444
What is b41 (base 12) in base 5?
23013
Convert 11d3d (base 15) to base 8.
157227
-35444 (base 6) to base 5
-131030
Convert 111110000 (base 2) to base 9.
611
What is 2336 (base 8) in base 4?
103132
-23 (base 5) to base 6
-21
What is 236b (base 15) in base 6?
54502
Convert -676 (base 11) to base 6.
-3425
What is 290 (base 13) in base 6?
2035
Convert -2683a (base 11) to base 15.
-b51e
-1314321 (base 5) to base 12
-13203
1dc8 (base 15) to base 14
2516
Convert -15348 (base 9) to base 3.
-112101122
Convert 6713 (base 8) to base 11.
2720
Convert -1504 (base 9) to base 14.
-5b4
What is 5c8a (base 15) in base 5?
1112310
-2250 (base 15) to base 11
-5514
362 (base 13) to base 10
587
Convert -47033 (base 8) to base 2.
-100111000011011
What is -425 (base 13) in base 10?
-707
What is 10511 (base 6) in base 4?
113023
1533 (base 7) to base 10
612
What is -414533 (base 6) in base 3?
-1200220110
-1011201 (base 3) to base 2
-1101011000
Convert -1123032 (base 4) to base 15.
-1ae3
What is -22120121 (base 3) in base 2?
-1100001101101
What is 30010 (base 4) in base 5?
11042
What is -10053 (base 6) in base 15?
-5d9
What is -457 (base 15) in base 8?
-1726
What is 4769 (base 12) in base 4?
1331001
31623 (base 8) to base 10
13203
Convert -1015 (base 14) to base 9.
-3710
Convert 5a55 (base 16) to base 6.
255021
What is 196d (base 14) in base 16?
11fd
Convert 11012012 (base 3) to base 15.
d8b
Convert -101001101 (base 2) to base 6.
-1313
Convert -1012112 (base 3) to base 8.
-1556
What is -589 (base 14) in base 8?
-2115
100212 (base 3) to base 15
12b
What is -4413 (base 10) in base 11?
-3352
What is 133533 (base 7) in base 10?
25308
-2200 (base 8) to base 9
-1520
What is 246 (base 9) in base 5?
1304
What is 4639 (base 11) in base 8?
13714
Convert 223334 (base 5) to base 13.
3820
-10769 (base 12) to base 16
-5541
What is 101001101 (base 2) in base 13?
1c8
Convert 20010 (base 3) to base 10.
165
Convert 710 (base 13) to base 6.
5312
2232 (base 8) to base 5
14203
-17539 (base 11) to base 13
-b279
-2101 (base 11) to base 9
-3733
2145 (base 6) to base 2
111110001
-188 (base 14) to base 10
-316
What is -10110100 (base 2) in base 10?
-180
What is -27352 (base 11) in base 16?
-986b
-51b (base 13) to base 11
-720
Convert -45546 (base 9) to base 7.
-154305
2244 (base 11) to base 16
b88
-1928 (base 15) to base 12
-3192
What is 11394 (base 12) in base 8?
54740
What is -1011011 (base 3) in base 8?
-1511
What is -4564 (base 11) in base 4?
-1131233
What is 7099 (base 14) in base 7?
110252
What is 1220103 (base 4) in base 13?
3066
What is c65d (base 14) in base 13?
1273a
121253 (base 6) to base 15
3279
-757 (base 10) to base 3
-1001001
What is 1517 (base 11) in base 12?
116a
What is -4622 (base 8) in base 10?
-2450
68e (base 15) to base 5
21414
-2114 (base 7) to base 6
-3242
Convert 2240 (base 5) to base 8.
500
Convert 3211 (base 4) to base 16.
e5
What is -14244 (base 11) in base 9?
-30705
What is 40140 (base 6) in base 15?
1849
What is 943 (base 11) in base 14?
5b2
Convert -111201120 (base 3) to base 13.
-4728
Convert -561 (base 16) to base 5.
-21002
What is -122023 (base 4) in base 16?
-68b
What is 18b7 (base 16) in base 13?
2b59
Convert -38b3 (base 14) to base 12.
-5919
Convert 11100101001 (base 2) to base 12.
1089
1301034 (base 5) to base 12
12674
Convert -237 (base 11) to base 6.
-1150
What is 131043 (base 7) in base 2?
101111101000000
What is 4686 (base 9) in base 2?
110110011000
What is 23231001 (base 4) in base 16?
bb41
Convert 18a (base 13) to base 8.
433
-10001001100 (base 2) to base 6
-5032
Convert -1101100100111 (base 2) to base 15.
-20d6
221202 (base 4) to base 8
5142
Convert 85a (base 16) to base 2.
100001011010
Convert 35cd (base 15) to base 6.
124551
Convert 140 (base 5) to base 8.
55
700 (base 8) to base 6
2024
111010001100 (base 2) to base 6
25124
6296 (base 14) to base 12
99b8
-2dd (base 15) to base 8
-1222
Convert -11010101110 (base 2) to base 4.
-122232
939 (base 16) to base 11
1857
-1321421 (base 5) to base 8
-63566
What is -3064 (base 7) in base 5?
-13300
What is 101101110011 (base 2) in base 4?
231303
56215 (base 8) to base 2
101110010001101
Convert -2617 (base 10) to base 6.
-20041
Convert 141535 (base 6) to base 12.
78ab
-1211111 (base 3) to base 11
-1005
What is -111 (base 14) in base 2?
-11010011
-a8 (base 12) to base 4
-2000
What is 16630 (base 8) in base 2?
1110110011000
Convert -1100111000 (base 2) to base 16.
-338
Convert -10102221010 (base 3) to base 15.
-15116
Convert -501b (base 12) to base 7.
-34154
What is b808 (base 16) in base 6?
1002040
-203 (base 9) to base 4
-2211
-1020130 (base 5) to base 4
-10020103
Convert 2c48 (base 14) to base 3.
101211202
Convert -918 (base 15) to base 16.
-800
Convert -10010011 (base 2) to base 8.
-223
Convert 26777 (base 11) to base 6.
452503
What is 10021120 (base 3) in base 14?
c2b
353 (base 11) to base 9
517
Convert 228 (base 10) to base 15.
103
Convert -167b (base 16) to base 2.
-1011001111011
Convert 1036 (base 8) to base 5.
4132
What is 36129 (base 10) in base 7?
210222
What is 6610 (base 16) in base 13?
bb7b
Convert -1790 (base 10) to base 15.
-7e5
5211 (base 6) to base 3
1120221
What is -441 (base 8) in base 14?
-169
What is 722 (base 14) in base 6?
10254
Convert -241420 (base 5) to base 14.
-33bb
-78a (base 14) to base 2
-10111010110
Convert -241 (base 11) to base 3.
-101122
Convert 1011 (base 4) to base 11.
63
What is -101100010101 (base 2) in base 10?
-2837
10033 (base 4) to base 2
100001111
What is 10204 (base 5) in base 16?
2a7
What is -5bd (base 14) in base 4?
-101323
What is -4e2